 14, what is 1cd + 0?
1cd
In base 8, what is 1 + 36?
37
In base 3, what is 2 + -200?
-121
In base 5, what is -141 - -10?
-131
In base 2, what is 1000101 + -1000001?
100
In base 14, what is -2a + 0?
-2a
In base 4, what is 333 - -122?
1121
In base 2, what is 10000111011 + 10100?
10001001111
In base 9, what is -17 + 262?
244
In base 13, what is -3 + 7?
4
In base 14, what is -799 + -1?
-79a
In base 2, what is -100101 + 10?
-100011
In base 8, what is 3164 + 7?
3173
In base 6, what is 30 - -3222?
3252
In base 6, what is -1 - 320?
-321
In base 7, what is -500 + -4?
-504
In base 4, what is -20 + 103?
23
In base 7, what is -6 + 46?
40
In base 6, what is 1 + 124?
125
In base 12, what is -4 - 31?
-35
In base 2, what is -1101101 - -111?
-1100110
In base 14, what is -5 + -c44?
-c49
In base 15, what is 558 - -a?
563
In base 14, what is 2 + a4?
a6
In base 3, what is -10 + -1012021?
-1012101
In base 11, what is 136 - 2?
134
In base 2, what is -1010101100100 + -11?
-1010101100111
In base 15, what is 92 + -1?
91
In base 3, what is -2 + -1022?
-1101
In base 9, what is -3801 - 1?
-3802
In base 15, what is 5 + 18?
1d
In base 12, what is 23 - a2?
-7b
In base 2, what is 1111101 - 10?
1111011
In base 14, what is 20d + -1?
20c
In base 3, what is 10112112 - -1?
10112120
In base 2, what is -1001101101101 - -1?
-1001101101100
In base 12, what is -2 + -1072?
-1074
In base 13, what is -17 + 3?
-14
In base 10, what is -1 + 200?
199
In base 9, what is 66 + 17?
84
In base 8, what is 2 + 20302?
20304
In base 14, what is 3ba - 2?
3b8
In base 2, what is 11010000010 + 100?
11010000110
In base 15, what is -b8 - 3c?
-105
In base 3, what is -12202 + -10220?
-100122
In base 4, what is -10 + 0?
-10
In base 14, what is 24 + b?
31
In base 8, what is 3202 + 4?
3206
In base 14, what is -5 + 1d?
18
In base 2, what is 10 - 101110001001?
-101110000111
In base 9, what is 2342 - 4?
2337
In base 6, what is -4335 + 10?
-4325
In base 15, what is 18e - 0?
18e
In base 4, what is -23 + -3213?
-3302
In base 16, what is 924 - 0?
924
In base 9, what is -363 + -4?
-367
In base 11, what is -345 - -2?
-343
In base 6, what is -1 - 3405?
-3410
In base 8, what is -117 - -13?
-104
In base 12, what is -2 - b?
-11
In base 8, what is 0 - -166?
166
In base 4, what is -1 + 202?
201
In base 16, what is 1e + -2?
1c
In base 8, what is -1355 + 5?
-1350
In base 12, what is 1 + -b6?
-b5
In base 13, what is -1 + -1bcb?
-1bcc
In base 12, what is 53 + 0?
53
In base 15, what is 1d - -10?
2d
In base 3, what is 10 - -21122?
21202
In base 8, what is -646 - 1?
-647
In base 13, what is 168 - 4?
164
In base 14, what is -5 + -1399?
-13a0
In base 10, what is -4 - -2639?
2635
In base 10, what is 7 - 15?
-8
In base 11, what is -4 + 68?
64
In base 12, what is 5 + -9?
-4
In base 15, what is -45 - 1e5?
-23a
In base 10, what is 130 + 7?
137
In base 11, what is 1 - -43?
44
In base 12, what is 142 - 7?
137
In base 16, what is -1 + 31?
30
In base 3, what is -11 + 12221?
12210
In base 3, what is -10121 - 211?
-11102
In base 5, what is -21 + 122?
101
In base 2, what is -110 + -110100?
-111010
In base 2, what is -110111 + -10110010?
-11101001
In base 16, what is 13 + 35b?
36e
In base 8, what is -27003 + -5?
-27010
In base 4, what is 22 - 2310?
-2222
In base 15, what is -1b - -c?
-e
In base 2, what is 1 + 1000000?
1000001
In base 12, what is -3 + -2b?
-32
In base 14, what is 0 - -391?
391
In base 7, what is 12 + 131?
143
In base 9, what is 224 - 2?
222
In base 15, what is -1 - 48?
-49
In base 15, what is -ac0 - -2?
-abd
In base 5, what is -2 + 110334?
110332
In base 16, what is 0 - 276?
-276
In base 7, what is -23 + 1?
-22
In base 14, what is -16 - 20?
-36
In base 11, what is -5 + 1272?
1268
In base 10, what is -1621 - 3?
-1624
In base 16, what is 2ef - -5?
2f4
In base 15, what is -25 - -8?
-1c
In base 10, what is 1 - 180?
-179
In base 15, what is -2 + -b2?
-b4
In base 7, what is 123 - -15?
141
In base 9, what is 7704 - -3?
7707
In base 15, what is 500 + 4?
504
In base 13, what is -4c - 0?
-4c
In base 13, what is 1 + 20?
21
In base 16, what is -1 - -94?
93
In base 10, what is -81 + -154?
-235
In base 15, what is 4 - -23c?
241
In base 15, what is -57b + 2?
-579
In base 8, what is 22 + 20?
42
In base 6, what is 40 - 15?
21
In base 13, what is -282 - 3?
-285
In base 13, what is -1 + 335?
334
In base 8, what is 7441 - -2?
7443
In base 11, what is -40 - -2?
-39
In base 10, what is -11 - -29?
18
In base 5, what is 3 + 32440?
32443
In base 13, what is c - -b?
1a
In base 4, what is -1 - -12222?
12221
In base 6, what is -12 + 252?
240
In base 10, what is -10 + -799?
-809
In base 5, what is -2 + 142?
140
In base 16, what is 0 - -51?
51
In base 9, what is -3 - 74?
-77
In base 16, what is 1 + -5?
-4
In base 16, what is 4 + 2bd?
2c1
In base 9, what is 641 + 4?
645
In base 15, what is 3 - -317?
31a
In base 9, what is 1233 + 25?
1258
In base 15, what is -e8 + 2?
-e6
In base 8, what is 40 + 3?
43
In base 15, what is -10 + -13d?
-14d
In base 8, what is -1 - -335?
334
In base 9, what is -4 + 878?
874
In base 5, what is -4 - 211?
-220
In base 9, what is 1 + 150?
151
In base 10, what is -4 - 172?
-176
In base 11, what is 68 + 4?
71
In base 6, what is 2 - 1101?
-1055
In base 3, what is -2220 - -2?
-2211
In base 12, what is -6a - 4?
-72
In base 13, what is 1c - -156?
175
In base 7, what is -2 - 216?
-221
In base 10, what is -29 + -103?
-132
In base 6, what is -155 + -11?
-210
In base 12, what is 0 + 41?
41
In base 5, what is 10 - 10114?
-10104
In base 5, what is -2 + -12300?
-12302
In base 10, what is 0 + 441?
441
In base 5, what is 1 - 103?
-102
In base 14, what is 3 + -1a9?
-1a6
In base 11, what is -107 + -5?
-111
In base 11, what is -49 - 33?
-81
In base 5, what is 4 + -11?
-2
In base 8, what is -46 + -7?
-55
In base 7, what is -262 - -5?
-254
In base 5, what is -23 + -2204?
-2232
In base 16, what is 79 + 4?
7d
In base 5, what is -13 + 134?
121
In base 5, what is 332 - 4?
323
In base 14, what is 8 - 26?
-1c
In base 9, what is -10083 + -5?
-10088
In base 5, what is -13030 + 2?
-13023
In base 14, what is -a + -35?
-41
In base 16, what is -1 + 17?
16
In base 11, what is 26 - 5?
21
In base 6, what is 24 + -11?
13
In base 4, what is 11 - 2012?
-2001
In base 11, what is 181 + -4?
178
In base 8, what is 1 + -274?
-273
In base 6, what is 2 - -4241?
4243
In base 2, what is -110011 + 1?
-110010
In base 11, what is 173 + 8?
180
In base 2, what is 101 + 10110110011?
10110111000
In base 13, what is -c5 + 140?
48
In base 11, what is -2 - -51a?
518
In base 11, what is 338 - 1?
337
In base 10, what is 0 + -868?
-868
In base 8, what is 2 + 1642?
1644
In base 3, what is 2 - -2110?
2112
In base 4, what is -2021 - -200?
-1221
In base 8, what is -2 + -702?
-704
In base 12, what is 7 + -6b?
-64
In base 9, what is -106 - -21?
-75
In base 10, what is 822 + 1?
823
In base 13, what is 4 - -69b?
6a2
In base 2, what is -1100010 + 10001?
-1010001
In base 12, what is 0 - 5?
-5
In base 14, what is -6 - a3?
-a9
In base 13, what is -3 + -190?
-193
In base 14, what is 35 - 3?
32
In base 7, what is -20 + 44?
24
In base 14, what is -8a - -ca?
40
In base 9, what is -2 - 57?
-60
In base 15, what is -d + -74?
-82
In base 4, what is 123 - -3?
132
In base 8, what is -47 + 750?
701
In base 3, what is 11 - 1201?
-1120
In base 13, what is -4 + -61?
-65
In base 12, what is 5a + 5?
63
In base 16, what is -1 + -6?
-7
In base 6, what is 30 + -320?
-250
In base 6, what is 333 - -21?
354
In base 8, what is -467 - 0?
-467
In base 15, what is -ac7 + -6?
-acd
In base 10, what is 2 - -32?
34
In base 8, what is 37 - -6?
45
In base 15, what is 0 - d?
-d
In base 8, what is 261 + -5?
254
In base 14, what is -373 - 5?
-378
In base 13, what is 28a + -14?
276
In base 14, what is -5 - 1d8?
-1dd
In base 11, what is 4 + -1536?
-1532
In base 6, what is -232 - 105?
-341
In base 12, what is -267 - 18?
-283
In base 9, what is -5 - 1621?
-1626
In base 16, what is -4 + 67?
63
In base 9, what is -2 - -3760?
3757
In base 6, what is 54 + 5?
103
In base 15, what is b2 - 5?
ac
In base 10, what is -628 + -2?
-630
In base 5, what is 0 - -1033?
1033
In base 5, what is -214 - -114?
-100
In base 16, what is 5c1 + 0?
5c1
In base 7, what is -12 + -3?
-15
In base 12, what is 108 - 4?
104
In base 3, what is 1200202 + 2?
1200211
In base 2, w